 what is 3 - 553216?
-553213
In base 12, what is 359 - 109?
250
In base 8, what is 14 - -21321?
21335
In base 5, what is -212212 - -3?
-212204
In base 7, what is -1446135 - 0?
-1446135
In base 14, what is -17 - -110b?
10d4
In base 13, what is 2340 + 71?
23b1
In base 15, what is -4 + 16ccc6?
16ccc2
In base 8, what is 170 + -6?
162
In base 9, what is 0 + 20838?
20838
In base 11, what is 6047 + -13?
6034
In base 13, what is 1 + 221366?
221367
In base 12, what is -5 + 1a124b?
1a1246
In base 3, what is -121221 - 120221020?
-121120011
In base 5, what is -32012442 - -10?
-32012432
In base 3, what is 20 - -12012011?
12012101
In base 14, what is -28d - c7?
-376
In base 16, what is -3 - -13f46?
13f43
In base 5, what is -322110 + 130?
-321430
In base 5, what is 1232341 + -11?
1232330
In base 12, what is 11 - -2ab9?
2b0a
In base 7, what is 26 - -110330?
110356
In base 9, what is 68146 + -3?
68143
In base 3, what is 10 + -1212000212?
-1212000202
In base 3, what is 121202121 + 10?
121202201
In base 15, what is -3851 + 38?
-3818
In base 2, what is -101 + -10001100110100?
-10001100111001
In base 11, what is -5 - 2021?
-2026
In base 12, what is -112a2b + -2?
-112a31
In base 8, what is 1641 + 247?
2110
In base 4, what is -31220 + 32121?
301
In base 16, what is 4 - 23de?
-23da
In base 5, what is 200014103 - -3?
200014111
In base 16, what is 4 + 39ffe?
3a002
In base 4, what is 2210 + -12?
2132
In base 14, what is 281 - 9?
276
In base 7, what is 14 + 140361?
140405
In base 14, what is 24 + -117dc?
-117b8
In base 15, what is 3ec3e + -2?
3ec3c
In base 12, what is 3843 - -a?
3851
In base 8, what is -11732 + -20?
-11752
In base 14, what is -7858a + -a?
-78596
In base 14, what is 330 - 9c1?
-691
In base 11, what is 33 + 38a2?
3925
In base 3, what is 2 - -12221201210?
12221201212
In base 13, what is 5 + 23252b?
232533
In base 12, what is 38150 - -4?
38154
In base 14, what is 0 - 4650?
-4650
In base 2, what is 1010011001000 - 111001?
1010010001111
In base 12, what is 291497 + -2?
291495
In base 15, what is 532 - 727?
-1e5
In base 4, what is -33 - 31330020?
-31330113
In base 15, what is 2 - 309a6?
-309a4
In base 9, what is 5614 + -658?
4845
In base 13, what is 43 - -97?
10a
In base 8, what is -2 + 5676?
5674
In base 12, what is 29b + -74?
227
In base 15, what is 1734 + 6?
173a
In base 13, what is 3 - 5418a?
-54187
In base 7, what is -2600212 - 5?
-2600220
In base 7, what is 30 + 406?
436
In base 16, what is -abeeb - -1?
-abeea
In base 14, what is -22521 + 8?
-22517
In base 3, what is 1010002022 - -1?
1010002100
In base 9, what is -13 + -3131?
-3144
In base 9, what is 17 + 11320?
11337
In base 16, what is 768e + -2?
768c
In base 15, what is -1e7e7 - -19?
-1e7cd
In base 14, what is -1a2 + -8a?
-24c
In base 10, what is 469 - 82?
387
In base 5, what is -3444 - 20121?
-24120
In base 16, what is -739 + -25?
-75e
In base 14, what is 3259a + 3?
3259d
In base 8, what is -13 - -26056?
26043
In base 3, what is -22202 - -1100?
-21102
In base 5, what is -1342 + -32?
-1424
In base 7, what is -11 + 66521?
66510
In base 11, what is 193 - -218?
400
In base 15, what is 3 - -6874?
6877
In base 8, what is -104532 - -5?
-104525
In base 2, what is -1100111000 + 11000?
-1100100000
In base 9, what is -7 - 15617?
-15625
In base 2, what is -100 - 10110010100100?
-10110010101000
In base 6, what is -20544 - 132?
-21120
In base 8, what is -14 - -13546?
13532
In base 10, what is 28153 + 30?
28183
In base 12, what is 130 + -22?
10a
In base 13, what is 160bb + 2?
160c0
In base 4, what is -30 - 1002112313?
-1002113003
In base 8, what is -41103 - 2?
-41105
In base 7, what is -42100 + -15?
-42115
In base 15, what is -1ab + 8?
-1a3
In base 14, what is -2 - 1d32d4?
-1d32d6
In base 4, what is -11 - 1023200122?
-1023200133
In base 7, what is 204 + 345?
552
In base 7, what is -4 - 504451?
-504455
In base 3, what is -2122 - 211101011?
-211110210
In base 12, what is -197 - 60?
-237
In base 11, what is 1925 - -53?
1978
In base 3, what is 11111 - -21101122?
21120010
In base 16, what is -48a + 16?
-474
In base 10, what is -9179 - -15?
-9164
In base 13, what is -aa34b - -b?
-aa340
In base 14, what is -5dd0 - 20?
-6010
In base 14, what is -57c - -5cd?
51
In base 5, what is 130 - 122113?
-121433
In base 14, what is 982bb - -5?
982c2
In base 5, what is 10 + -1434213?
-1434203
In base 9, what is 25 + 167643?
167668
In base 13, what is 1 - 4656?
-4655
In base 5, what is 1024 + -302341?
-301312
In base 13, what is -4 - -2024?
2020
In base 9, what is 0 + -2353056?
-2353056
In base 10, what is 54 + 10352?
10406
In base 2, what is -11001111110111111 - 100?
-11001111111000011
In base 8, what is 77 - -105700?
105777
In base 6, what is 131330331 + -3?
131330324
In base 12, what is 31 - -8b1?
922
In base 2, what is -11101001001000110 - -101?
-11101001001000001
In base 9, what is -722 + 1505?
673
In base 13, what is -4a8 - cc5?
-14a0
In base 6, what is -1133 - 150?
-1323
In base 15, what is 4 + -2308e?
-2308a
In base 4, what is 131 + -200?
-3
In base 14, what is -7072 + -2?
-7074
In base 8, what is -4417 - 3?
-4422
In base 5, what is -1044 + 23222?
22123
In base 8, what is 273723 - -22?
273745
In base 10, what is 36215 - 3?
36212
In base 2, what is 1 - -1101000110111000100?
1101000110111000101
In base 6, what is -3 - 2053044?
-2053051
In base 10, what is -14 + -2100?
-2114
In base 2, what is 100010000 + 10011100?
110101100
In base 16, what is -ae091 - -1?
-ae090
In base 14, what is -4 + 18c6?
18c2
In base 9, what is -5187 + 84?
-5103
In base 6, what is -12135 + -521?
-13100
In base 6, what is 41053 + 22?
41115
In base 2, what is 11 - 1100110100011010?
-1100110100010111
In base 9, what is 23446 + -4?
23442
In base 13, what is 1ca3 - -1a?
1cc0
In base 5, what is 3 + 11442031?
11442034
In base 13, what is 1067 - 2?
1065
In base 12, what is 9311 + -4?
9309
In base 6, what is 3334 - -1?
3335
In base 4, what is 1203033 - 11?
1203022
In base 16, what is 260 + -73f?
-4df
In base 13, what is -c27c + -86?
-c335
In base 11, what is 3a27 - 239?
3799
In base 7, what is 31 - 63036?
-63005
In base 14, what is -142 + 1b?
-125
In base 14, what is 3308 - 3?
3305
In base 6, what is -55333012 - -5?
-55333003
In base 7, what is 2 + 146410?
146412
In base 10, what is 3 + 576621?
576624
In base 6, what is 23 + 401213?
401240
In base 8, what is 203043 + 13?
203056
In base 6, what is 4 - -334240?
334244
In base 8, what is -147743 + 1?
-147742
In base 3, what is -2 - -1011202201?
1011202122
In base 6, what is -3345 - -551?
-2354
In base 12, what is 90084 - -4?
90088
In base 16, what is -101005 + 3?
-101002
In base 2, what is -1101100000100101 + 100?
-1101100000100001
In base 15, what is -83 + 19cd?
194a
In base 5, what is -124 + -20134?
-20313
In base 2, what is -1010010101111 - 11011?
-1010011001010
In base 2, what is 1101000010110011101 + -10101?
1101000010110001000
In base 12, what is 3406b + 6?
34075
In base 10, what is -5 + -26758?
-26763
In base 8, what is -6447737 + -3?
-6447742
In base 6, what is 20 + -1232050?
-1232030
In base 12, what is -1a85b + 9?
-1a852
In base 6, what is 22032 - -14311?
40343
In base 15, what is 1a7 - 112?
95
In base 10, what is 6265 - -31?
6296
In base 3, what is -100101 - 2212?
-110020
In base 13, what is 33a5 - 9?
3399
In base 15, what is 797e + 2?
7981
In base 7, what is 4012664 + 4?
4013001
In base 11, what is -15308 + 5?
-15303
In base 14, what is -3 - 28a515?
-28a518
In base 15, what is -1 - -5e111?
5e110
In base 3, what is -10211212 + 11122?
-10200020
In base 5, what is -104230030 - -4?
-104230021
In base 15, what is -228e + -34?
-22c3
In base 14, what is 87d + -17?
866
In base 9, what is 42 + -1700?
-1647
In base 7, what is 112 + -10?
102
In base 10, what is -556 - 2121?
-2677
In base 9, what is 60000 - -18?
60018
In base 2, what is 11010 - -111010001110?
111010101000
In base 7, what is -1 + 204313?
204312
In base 13, what is -362a + 114?
-3516
In base 6, what is 5 + 2135?
2144
In base 14, what is -534 - a42?
-1176
In base 9, what is 7 + -2541?
-2533
In base 14, what is -79 - 1b8?
-253
In base 13, what is -818 + -2b?
-846
In base 9, what is -14 - 1188?
-1213
In base 14, what is 23 - -668?
68b
In base 6, what is -351 - 4015?
-4410
In base 2, what is 101110011 - 1011?
101101000
In base 2, what is 100110100 - -1100